e?
True
Is 5064884753 a prime number?
False
Is 5673188107 a prime number?
True
Is 1236310109 prime?
True
Is 278914787 prime?
True
Is 16918049083 prime?
False
Is 75504094909 a composite number?
True
Is 64598225101 a prime number?
True
Is 134690807483 composite?
False
Is 23106497 a prime number?
True
Is 17136110113 prime?
False
Is 6289359655 prime?
False
Is 845097943 a prime number?
True
Is 18124466221 a composite number?
False
Is 180117563 a composite number?
False
Is 3760794901 a prime number?
True
Is 3727076291 a composite number?
False
Is 25748183297 prime?
False
Is 256942397 prime?
False
Is 320206457 a composite number?
True
Is 4018452649 a composite number?
False
Is 5448656054 a composite number?
True
Is 13183753867 prime?
True
Is 2527021697 a composite number?
True
Is 19036502053 a composite number?
True
Is 246681181 a prime number?
False
Is 4879557541 prime?
True
Is 6155188129 prime?
True
Is 195415027 a composite number?
True
Is 5619314123 a composite number?
False
Is 503734513 a composite number?
False
Is 7514924827 a composite number?
False
Is 1184578117 composite?
True
Is 2243334397 prime?
False
Is 5540978587 a composite number?
False
Is 2255774617 a prime number?
True
Is 177174345149 composite?
False
Is 8253216199 a composite number?
False
Is 5125223489 a prime number?
False
Is 776799889 a prime number?
True
Is 1373850619 a composite number?
False
Is 3817849691 a composite number?
False
Is 25485512309 a prime number?
True
Is 4871721833 prime?
False
Is 11577500533 a prime number?
False
Is 7981935697 a prime number?
True
Is 424222153 prime?
False
Is 2477497483 a prime number?
False
Is 71478390653 prime?
True
Is 8517134297 prime?
False
Is 63450038503 prime?
False
Is 94615471 a composite number?
False
Is 77489161 composite?
True
Is 9617880787 a prime number?
False
Is 593112887 prime?
True
Is 1554950129 prime?
False
Is 11493674957 composite?
True
Is 343239173 composite?
False
Is 15066127081 prime?
True
Is 39039062137 a prime number?
False
Is 452696821 composite?
True
Is 641875957 prime?
False
Is 170279927 composite?
True
Is 154808315 a composite number?
True
Is 958115063 prime?
True
Is 905797069 composite?
False
Is 26729672509 prime?
False
Is 23370379363 composite?
True
Is 38301841529 a prime number?
False
Is 63900528767 a prime number?
False
Is 35453185631 prime?
True
Is 11805078317 prime?
True
Is 3429159911 prime?
True
Is 3687786161 a prime number?
False
Is 233972184949 prime?
True
Is 16447644929 a prime number?
True
Is 3963601471 composite?
False
Is 3625523591 a prime number?
True
Is 14794762049 a composite number?
False
Is 3746715857 prime?
False
Is 637421797 a prime number?
True
Is 135651500639 a composite number?
True
Is 58159793 a prime number?
True
Is 3825586697 composite?
True
Is 3595947199 a composite number?
True
Is 24443920811 prime?
True
Is 380273558921 prime?
True
Is 22294797649 composite?
True
Is 11259529651 composite?
False
Is 232904153 prime?
False
Is 185011985 a prime number?
False
Is 7529926039 composite?
False
Is 532217369 composite?
True
Is 23355410833 prime?
True
Is 8803901419 a composite number?
False
Is 11292255539 composite?
False
Is 13142556407 composite?
False
Is 3142589605 prime?
False
Is 863342009 prime?
True
Is 100594603 prime?
True
Is 255869121 composite?
True
Is 15565996211 composite?
False
Is 1319503723 a prime number?
True
Is 52936176659 composite?
True
Is 1077695309 composite?
False
Is 2719989023 a composite number?
True
Is 1899578611 a prime number?
False
Is 6204081781 prime?
True
Is 3748423193 a prime number?
True
Is 2237600297 composite?
True
Is 1652792819 prime?
False
Is 1757215217 a composite number?
True
Is 272712227 a composite number?
False
Is 307070237 a composite number?
True
Is 10001326367 prime?
False
Is 523174829 a prime number?
True
Is 52230683 a prime number?
True
Is 62138317 composite?
True
Is 635913469 prime?
True
Is 668094107 a composite number?
False
Is 21406279649 prime?
True
Is 61393151 a prime number?
False
Is 1269557027 a composite number?
False
Is 3875586739 a composite number?
False
Is 4054458011 composite?
True
Is 2595367703 a prime number?
True
Is 91187928487 a prime number?
True
Is 106314210107 a prime number?
False
Is 12077618381 prime?
True
Is 332791997 prime?
True
Is 11256152993 prime?
True
Is 3637873909 a prime number?
False
Is 122330097663 a prime number?
False
Is 2346315217 composite?
False
Is 49384422523 composite?
False
Is 2754531467 composite?
False
Is 1629489877 a prime number?
False
Is 4844915345 a composite number?
True
Is 2245159339 composite?
True
Is 6619840319 prime?
True
Is 7931613671 a prime number?
True
Is 27589873 a prime number?
False
Is 50201059907 a composite number?
True
Is 44206468549 prime?
True
Is 64707769055 composite?
True
Is 529687007 prime?
False
Is 3223387819 a composite number?
False
Is 942683739 a composite number?
True
Is 1898338067 a composite number?
False
Is 4949863313 a composite number?
True
Is 6518992021 composite?
False
Is 1350760009 a prime number?
False
Is 115045189367 a prime number?
True
Is 77820348773 a prime number?
True
Is 13949011573 composite?
True
Is 15691159619 a prime number?
True
Is 3876464971 prime?
False
Is 214664309 a composite number?
False
Is 29649595163 a composite number?
False
Is 1216660327 a composite number?
False
Is 11664460573 a prime number?
False
Is 18901181581 a composite number?
False
Is 755133623 a prime number?
False
Is 646373627 composite?
False
Is 772813793 a composite number?
True
Is 3627242447 a composite number?
False
Is 120633323 prime?
False
Is 2108811721 prime?
True
Is 71395526401 a composite number?
False
Is 5860041881 a composite number?
True
Is 95446858687 composite?
True
Is 145565233 prime?
False
Is 6293384129 a prime number?
True
Is 641961479 composite?
False
Is 127065574121 a composite number?
False
Is 120087192133 composite?
False
Is 2128880903 composite?
True
Is 23194233913 a prime number?
False
Is 1278600571 a prime number?
False
Is 25110861217 a composite number?
True
Is 7486959247 a prime number?
True
Is 43372862627 prime?
True
Is 802260421 composite?
False
Is 33851389931 a prime number?
True
Is 6359935061 a prime number?
True
Is 607678957843 composite?
False
Is 3375136619 a prime number?
False
Is 16192194311 prime?
False
Is 2810286883 a composite number?
True
Is 3020359967 composite?
False
Is 189635807657 a composite number?
False
Is 4642467329 a composite number?
False
Is 1158657011 composite?
False
Is 6887447979 a composite number?
True
Is 4326988483 composite?
True
Is 7035516769 a prime number?
False
Is 329910863 a prime number?
True
Is 19299558779 prime?
False
Is 93856001 prime?
True
Is 4292751473 composite?
False
Is 3240149309 a composite number?
True
Is 21300467191 a prime number?
False
Is 2433234683 a composite number?
True
Is 230969107927 a prime number?
True
Is 6706012939 prime?
False
Is 511498982 composite?
True
Is 52682120291 composite?
False
Is 128731481 composite?
True
Is 622414347 prime?
False
Is 2891982097 prime?
True
Is 20826768353 a composite number?
False
Is 20996593673 a prime number?
False
Is 18864695029 prime?
False
Is 1187635849 a composite number?
False
Is 3639403049 composite?
False
Is 53772997589 a composite number?
False
Is 530481503 prime?
True
Is 88843481 prime?
False
Is 36271053079 a prime number?
True
Is 7900083509 a prime number?
False
Is 77563206971 prime?
True
Is 16378480597 a prime number?
False
Is 9086057459 composite?
False
Is 99950009399 prime?
True
Is 3337062185 composite?
True
Is 39776197165 a prime number?
False
Is 146049307 a prime number?
False
Is 15509405173 a prime number?
True
Is 1745554733 prime?
False
Is 7592191487 a prime number?
True
Is 17942122129 a prime number?
True
Is 245327603 a prime number?
False
Is 84917584667 a composite number?
True
Is 40865947 a composite number?
False
Is 41723247079 a composite number?
True
Is 932610967 prime?
False
Is 1713250481 composite?
False
Is 57214081 a prime number?
True
Is 80353841 prime?
True
Is 39505091 composite?
False
Is 1244428837 prime?
False
Is 589555765 prime?
False
Is 25169859817 prime?
True
Is 11147768077 a composite number?
True
Is 19449095935 a prime number?
False
Is 4159906427 a prime number?
True
Is 1006161829 prime?
False
Is 125184979 a prime number?
True
Is 3344696678 a prime numb